{"id":351,"date":"2019-10-07T06:20:55","date_gmt":"2019-10-07T08:20:55","guid":{"rendered":"https:\/\/dev.mox.lt\/salprone\/?page_id=351"},"modified":"2022-12-22T05:18:36","modified_gmt":"2022-12-22T07:18:36","slug":"sertifikatai","status":"publish","type":"page","link":"https:\/\/dev.mox.lt\/salprone\/sertifikatai\/","title":{"rendered":"Sertifikatai"},"content":{"rendered":"\r\n<h2>BRC sertifikatas<\/h2>\r\n\r\n\r\n\r\n<div class=\"wp-block-image\">\r\n<figure class=\"alignright is-resized\"><img loading=\"lazy\" class=\"wp-image-359\" src=\"https:\/\/dev.mox.lt\/salprone\/wp-content\/uploads\/2019\/10\/brc_logo.png\" alt=\"\" width=\"270\" height=\"418\" \/><\/figure>\r\n<\/div>\r\n\r\n\r\n\r\n<p>&nbsp;<\/p>\r\n\r\n\r\n\r\n<p style=\"text-align: left;\">\u00a0<\/p>\r\n\r\n\r\n\r\n<p>&nbsp;<\/p>\r\n\r\n\r\n\r\n<p>&nbsp;<\/p>\r\n\r\n\r\n\r\n<p>UAB Green Factory Baltic (buvusi UAB Salpron\u0117) yra \u012fvertinta tarptautiniu maisto saugos sertifikatu BRC, suteikiamu tik \u012fmon\u0117ms, gaminan\u010dioms pa\u010dios auk\u0161\u010diausios kokyb\u0117s produkcij\u0105.<\/p>\r\n\r\n\r\n\r\n<p>BRC maisto saugos standartas laikomas vienu grie\u017e\u010diausi\u0173 visame pasaulyje. Jo sertifikatai suteikiami tik tiems gamintojams, kurie geba u\u017etikrinti nuolatin\u0119 produkt\u0173 kokyb\u0119 ir saug\u0105 bei nuolat investuoja \u012f nauj\u0173 technologij\u0173 diegim\u0105. Jis garantuoja, kad gamintojas itin atid\u017eiai renkasi \u017ealiavas, u\u017etikrina skland\u017eiai veikian\u010di\u0105 produkt\u0173 tiekimo linij\u0105, turi kompetenting\u0105 ir nuolat tobul\u0117jan\u010di\u0105 komand\u0105. Potencialiems partneriams tai labai svarb\u016bs faktoriai.\u00a0<\/p>\r\n\r\n\r\n\r\n<p>Tam, kad atitikt\u0173 BRC standartus \u012fmon\u0117s privalo u\u017etikrinti nepriekai\u0161ting\u0105 visos gamybos grandin\u0117s valdym\u0105. B\u016btina skrupulingai pri\u017ei\u016br\u0117ti \u017ealiav\u0173 kokyb\u0119, kontroliuoti technologinius procesus, laikytis grie\u017e\u010diausi\u0173 higienos reikalavim\u0173.\u00a0<\/p>\r\n\r\n\r\n\r\n<h2>Global G.A.P. sertifikatas<\/h2>\r\n\r\n\r\n\r\n<p>GLOBAL G.A.P. sertifikavimas yra tarptautiniu mastu pripa\u017eintas \u016bkio standart\u0173 kompleksas, skirtas gerajai \u017eem\u0117s \u016bkio praktikai (angl. Good Agricultural Practices \u2013 GAP) \u012frodyti.<\/p>\r\n\r\n\r\n\r\n<p>Vartotojams GLOBAL G.A.P. sertifikatas \u012frodo, kad UAB UAB Green Factory Baltic (buvusi UAB Salpron\u0117) salotos ir j\u0173 gaminiai yra itin auk\u0161to saugos ir kokyb\u0117s lygio, u\u017eauginti atsakingai, pasikliaujant biologija bei jos preparatais ir paisant darbuotoj\u0173 sveikatos, saugos ir gerov\u0117s reikalavim\u0173.<\/p>\r\n\r\n\r\n\r\n<figure class=\"wp-block-image\"><img loading=\"lazy\" width=\"500\" height=\"60\" class=\"wp-image-358\" src=\"https:\/\/dev.mox.lt\/salprone\/wp-content\/uploads\/2019\/10\/globalgap_logo.png\" alt=\"\" \/><\/figure>\r\n","protected":false},"excerpt":{"rendered":"<p>BRC sertifikatas &nbsp; \u00a0 &nbsp; &nbsp; UAB Green Factory Baltic (buvusi UAB Salpron\u0117) yra \u012fvertinta tarptautiniu maisto saugos sertifikatu BRC, suteikiamu tik \u012fmon\u0117ms, gaminan\u010dioms pa\u010dios auk\u0161\u010diausios kokyb\u0117s produkcij\u0105. BRC maisto saugos standartas laikomas vienu grie\u017e\u010diausi\u0173 visame pasaulyje. Jo sertifikatai suteikiami tik tiems gamintojams, kurie geba u\u017etikrinti nuolatin\u0119 produkt\u0173 kokyb\u0119 ir saug\u0105 bei nuolat investuoja \u012f [&hellip;]<\/p>\n","protected":false},"author":1,"featured_media":0,"parent":0,"menu_order":0,"comment_status":"closed","ping_status":"closed","template":"","meta":[],"acf":[],"yoast_head":"<!-- This site is optimized with the Yoast SEO plugin v18.8 - https:\/\/yoast.com\/wordpress\/plugins\/seo\/ -->\n<title>Sertifikatai | Salpron\u0117<\/title>\n<meta name=\"robots\" content=\"index, follow, max-snippet:-1, max-image-preview:large, max-video-preview:-1\" \/>\n<link rel=\"canonical\" href=\"https:\/\/dev.mox.lt\/salprone\/sertifikatai\/\" \/>\n<meta property=\"og:locale\" content=\"lt_LT\" \/>\n<meta property=\"og:type\" content=\"article\" \/>\n<meta property=\"og:title\" content=\"Sertifikatai | Salpron\u0117\" \/>\n<meta property=\"og:description\" content=\"BRC sertifikatas &nbsp; \u00a0 &nbsp; &nbsp; UAB Green Factory Baltic (buvusi UAB Salpron\u0117) yra \u012fvertinta tarptautiniu maisto saugos sertifikatu BRC, suteikiamu tik \u012fmon\u0117ms, gaminan\u010dioms pa\u010dios auk\u0161\u010diausios kokyb\u0117s produkcij\u0105. BRC maisto saugos standartas laikomas vienu grie\u017e\u010diausi\u0173 visame pasaulyje. Jo sertifikatai suteikiami tik tiems gamintojams, kurie geba u\u017etikrinti nuolatin\u0119 produkt\u0173 kokyb\u0119 ir saug\u0105 bei nuolat investuoja \u012f [&hellip;]\" \/>\n<meta property=\"og:url\" content=\"https:\/\/dev.mox.lt\/salprone\/sertifikatai\/\" \/>\n<meta property=\"og:site_name\" content=\"Salpron\u0117\" \/>\n<meta property=\"article:modified_time\" content=\"2022-12-22T07:18:36+00:00\" \/>\n<meta property=\"og:image\" content=\"https:\/\/dev.mox.lt\/salprone\/wp-content\/uploads\/2019\/10\/brc_logo.png\" \/>\n<meta name=\"twitter:card\" content=\"summary_large_image\" \/>\n<meta name=\"twitter:label1\" content=\"Est. reading time\" \/>\n\t<meta name=\"twitter:data1\" content=\"1 minut\u0117\" \/>\n<script type=\"application\/ld+json\" class=\"yoast-schema-graph\">{\"@context\":\"https:\/\/schema.org\",\"@graph\":[{\"@type\":\"WebSite\",\"@id\":\"https:\/\/dev.mox.lt\/salprone\/#website\",\"url\":\"https:\/\/dev.mox.lt\/salprone\/\",\"name\":\"Salpron\u0117\",\"description\":\"Pjaustyti ir plauti salot\u0173 gaminiai\",\"potentialAction\":[{\"@type\":\"SearchAction\",\"target\":{\"@type\":\"EntryPoint\",\"urlTemplate\":\"https:\/\/dev.mox.lt\/salprone\/?s={search_term_string}\"},\"query-input\":\"required name=search_term_string\"}],\"inLanguage\":\"lt-LT\"},{\"@type\":\"ImageObject\",\"inLanguage\":\"lt-LT\",\"@id\":\"https:\/\/dev.mox.lt\/salprone\/sertifikatai\/#primaryimage\",\"url\":\"https:\/\/dev.mox.lt\/salprone\/wp-content\/uploads\/2019\/10\/brc_logo.png\",\"contentUrl\":\"https:\/\/dev.mox.lt\/salprone\/wp-content\/uploads\/2019\/10\/brc_logo.png\",\"width\":300,\"height\":464},{\"@type\":\"WebPage\",\"@id\":\"https:\/\/dev.mox.lt\/salprone\/sertifikatai\/#webpage\",\"url\":\"https:\/\/dev.mox.lt\/salprone\/sertifikatai\/\",\"name\":\"Sertifikatai | Salpron\u0117\",\"isPartOf\":{\"@id\":\"https:\/\/dev.mox.lt\/salprone\/#website\"},\"primaryImageOfPage\":{\"@id\":\"https:\/\/dev.mox.lt\/salprone\/sertifikatai\/#primaryimage\"},\"datePublished\":\"2019-10-07T08:20:55+00:00\",\"dateModified\":\"2022-12-22T07:18:36+00:00\",\"breadcrumb\":{\"@id\":\"https:\/\/dev.mox.lt\/salprone\/sertifikatai\/#breadcrumb\"},\"inLanguage\":\"lt-LT\",\"potentialAction\":[{\"@type\":\"ReadAction\",\"target\":[\"https:\/\/dev.mox.lt\/salprone\/sertifikatai\/\"]}]},{\"@type\":\"BreadcrumbList\",\"@id\":\"https:\/\/dev.mox.lt\/salprone\/sertifikatai\/#breadcrumb\",\"itemListElement\":[{\"@type\":\"ListItem\",\"position\":1,\"name\":\"Home\",\"item\":\"https:\/\/dev.mox.lt\/salprone\/\"},{\"@type\":\"ListItem\",\"position\":2,\"name\":\"Sertifikatai\"}]}]}<\/script>\n<!-- \/ Yoast SEO plugin. -->","yoast_head_json":{"title":"Sertifikatai | Salpron\u0117","robots":{"index":"index","follow":"follow","max-snippet":"max-snippet:-1","max-image-preview":"max-image-preview:large","max-video-preview":"max-video-preview:-1"},"canonical":"https:\/\/dev.mox.lt\/salprone\/sertifikatai\/","og_locale":"lt_LT","og_type":"article","og_title":"Sertifikatai | Salpron\u0117","og_description":"BRC sertifikatas &nbsp; \u00a0 &nbsp; &nbsp; UAB Green Factory Baltic (buvusi UAB Salpron\u0117) yra \u012fvertinta tarptautiniu maisto saugos sertifikatu BRC, suteikiamu tik \u012fmon\u0117ms, gaminan\u010dioms pa\u010dios auk\u0161\u010diausios kokyb\u0117s produkcij\u0105. BRC maisto saugos standartas laikomas vienu grie\u017e\u010diausi\u0173 visame pasaulyje. Jo sertifikatai suteikiami tik tiems gamintojams, kurie geba u\u017etikrinti nuolatin\u0119 produkt\u0173 kokyb\u0119 ir saug\u0105 bei nuolat investuoja \u012f [&hellip;]","og_url":"https:\/\/dev.mox.lt\/salprone\/sertifikatai\/","og_site_name":"Salpron\u0117","article_modified_time":"2022-12-22T07:18:36+00:00","og_image":[{"url":"https:\/\/dev.mox.lt\/salprone\/wp-content\/uploads\/2019\/10\/brc_logo.png"}],"twitter_card":"summary_large_image","twitter_misc":{"Est. reading time":"1 minut\u0117"},"schema":{"@context":"https:\/\/schema.org","@graph":[{"@type":"WebSite","@id":"https:\/\/dev.mox.lt\/salprone\/#website","url":"https:\/\/dev.mox.lt\/salprone\/","name":"Salpron\u0117","description":"Pjaustyti ir plauti salot\u0173 gaminiai","potentialAction":[{"@type":"SearchAction","target":{"@type":"EntryPoint","urlTemplate":"https:\/\/dev.mox.lt\/salprone\/?s={search_term_string}"},"query-input":"required name=search_term_string"}],"inLanguage":"lt-LT"},{"@type":"ImageObject","inLanguage":"lt-LT","@id":"https:\/\/dev.mox.lt\/salprone\/sertifikatai\/#primaryimage","url":"https:\/\/dev.mox.lt\/salprone\/wp-content\/uploads\/2019\/10\/brc_logo.png","contentUrl":"https:\/\/dev.mox.lt\/salprone\/wp-content\/uploads\/2019\/10\/brc_logo.png","width":300,"height":464},{"@type":"WebPage","@id":"https:\/\/dev.mox.lt\/salprone\/sertifikatai\/#webpage","url":"https:\/\/dev.mox.lt\/salprone\/sertifikatai\/","name":"Sertifikatai | Salpron\u0117","isPartOf":{"@id":"https:\/\/dev.mox.lt\/salprone\/#website"},"primaryImageOfPage":{"@id":"https:\/\/dev.mox.lt\/salprone\/sertifikatai\/#primaryimage"},"datePublished":"2019-10-07T08:20:55+00:00","dateModified":"2022-12-22T07:18:36+00:00","breadcrumb":{"@id":"https:\/\/dev.mox.lt\/salprone\/sertifikatai\/#breadcrumb"},"inLanguage":"lt-LT","potentialAction":[{"@type":"ReadAction","target":["https:\/\/dev.mox.lt\/salprone\/sertifikatai\/"]}]},{"@type":"BreadcrumbList","@id":"https:\/\/dev.mox.lt\/salprone\/sertifikatai\/#breadcrumb","itemListElement":[{"@type":"ListItem","position":1,"name":"Home","item":"https:\/\/dev.mox.lt\/salprone\/"},{"@type":"ListItem","position":2,"name":"Sertifikatai"}]}]}},"_links":{"self":[{"href":"https:\/\/dev.mox.lt\/salprone\/wp-json\/wp\/v2\/pages\/351"}],"collection":[{"href":"https:\/\/dev.mox.lt\/salprone\/wp-json\/wp\/v2\/pages"}],"about":[{"href":"https:\/\/dev.mox.lt\/salprone\/wp-json\/wp\/v2\/types\/page"}],"author":[{"embeddable":true,"href":"https:\/\/dev.mox.lt\/salprone\/wp-json\/wp\/v2\/users\/1"}],"replies":[{"embeddable":true,"href":"https:\/\/dev.mox.lt\/salprone\/wp-json\/wp\/v2\/comments?post=351"}],"version-history":[{"count":20,"href":"https:\/\/dev.mox.lt\/salprone\/wp-json\/wp\/v2\/pages\/351\/revisions"}],"predecessor-version":[{"id":867,"href":"https:\/\/dev.mox.lt\/salprone\/wp-json\/wp\/v2\/pages\/351\/revisions\/867"}],"wp:attachment":[{"href":"https:\/\/dev.mox.lt\/salprone\/wp-json\/wp\/v2\/media?parent=351"}],"curies":[{"name":"wp","href":"https:\/\/api.w.org\/{rel}","templated":true}]}}